*y = 15. Suppose 3*c = -y*u + u - 14, 5*u = -25. Suppose -c*h = -8, -2*p - 3*h = 2*p - 108. Calculate the highest common divisor of p and 3.
3
Let y be 2/4 - 9/(-6). Let g be y*(-3 + (-27)/6). Let s be ((-3)/g)/((-2)/(-10)). What is the highest common factor of 8 and s?
1
Let b = -22 - -27. Suppose -2*a = -b - 31. What is the greatest common divisor of a and 198?
18
Suppose -7*u - 2610 = -22*u. What is the highest common factor of 290 and u?
58
Let z = 802 + -557. Let g be ((-294)/z)/(-1*(-2)/(-100)). Calculate the greatest common divisor of 300 and g.
60
Suppose -4 = -h - 14. Suppose -385 = 5*c + s, 4*s - 317 = 3*c - 63. Let l be (-2)/h - c/10. Calculate the highest common factor of 48 and l.
8
Let r(x) be the first derivative of 2/3*x**3 + 3 - 7/2*x**2 - 4*x. Let c be r(-3). What is the greatest common divisor of c and 7?
7
Let h be -10*(-6)/12 - -9. Suppose r - 36 = 6. Calculate the highest common divisor of r and h.
14
Let y(h) = 65*h - 105. Let m be y(6). What is the greatest common divisor of 114 and m?
57
Let g be ((-22)/(-8))/(7/1484). What is the highest common divisor of g and 11?
11
Suppose -7*n = -2*n + 40. Let p = 14 + n. Let g = -3 - -57. Calculate the highest common divisor of p and g.
6
Let h be (-4)/(-26) + 574/(-182) + 171. What is the highest common factor of 42 and h?
42
Let n be 20 + -22 + 1/((-1)/(-13)). What is the greatest common factor of 99 and n?
11
Let j = 2 - -20. Let f = j + -17. Suppose 4*o - 71 = a + 60, 0 = -f*o + 2*a + 163. What is the greatest common factor of 3 and o?
3
Suppose 30*w = -64 + 694. What is the highest common factor of w and 56?
7
Let z(q) = -5*q**2 - 41*q + 3. Let m be z(-8). What is the greatest common divisor of 11 and m?
11
Suppose v - 2080 = -5*b + 6*v, -2*b = v - 844. Let n = 52 + -47. Suppose 5*m + l - 2*l - 396 = 0, n*m + 5*l = b. What is the greatest common factor of 20 and m?
20
Suppose -1142 = -5*t - b, b + 0 - 2 = 0. What is the greatest common factor of t and 57?
57
Let c(y) = y**2 - 3*y - 3. Let k be c(5). Suppose -13*z = 40*z - 371. What is the highest common factor of k and z?
7
Suppose -4*l + 7*l + 2*r = -43, -4*r + 24 = -4*l. Let g = l - -35. Let s = 27 - g. Calculate the greatest common factor of s and 33.
3
Suppose 0 = 3*d + 3*u - 7*u - 12, 0 = -d + u + 4. Suppose 0 = 2*l - 2*q - 2*q - 156, -4*l + d*q + 300 = 0. Calculate the greatest common factor of l and 9.
9
Suppose -5*f - 1638 = -23*f. Calculate the highest common divisor of f and 65.
13
Suppose -o + 14 = -r, -21 = -4*o + 4*r - 7*r. Let l be ((-8)/4)/(6/3) + 2. Calculate the greatest common factor of l and o.
1
Suppose 299 = 4*w - 149. Let o be (-75)/60 - (-33)/4. What is the highest common factor of w and o?
7
Let h be 2/(-8) - (-58)/8. Let r be (4 - 5)*(1 - 4). Suppose -5 = 2*x - r*x, 3*v + x - 26 = 0. What is the greatest common divisor of v and h?
7
Suppose 0 = 4*h + t - 335, -3*h + 3*t = -123 - 132. What is the highest common factor of 63 and h?
21
Let j be ((-22)/(-44))/(7/8 + -1). Let m be 36 - (j + 1 - -6*1). Let g be (2 + (3 - 6))*-264. What is the highest common factor of m and g?
33
Suppose -2*b + 10 = -2. Let h be 21 - (b - 3)/(-3). Calculate the greatest common divisor of 2 and h.
2
Let t = 78 + -58. What is the highest common factor of t and 28?
4
Suppose 40*o = 35*o + 5. Calculate the highest common factor of 13 and o.
1
Let y(a) = 8*a**2 + 4*a + 13. Let t be ((-48)/(-42))/(-4) - (-26)/(-7). Let v be y(t). Calculate the greatest common divisor of 25 and v.
25
Suppose 0 = n + 9*n - 150. Calculate the highest common divisor of n and 135.
15
Let b(j) = 34*j - 1. Let u be b(3). Let m = -29 + u. Let h be (144/28)/(8/28). What is the highest common factor of m and h?
18
Let n be (-210)/(-4) + (-8)/16. Suppose f + 0*f - n = 0. What is the highest common divisor of f and 13?
13
Let p be (-2498)/(-16) + 20/(-160). Calculate the highest common factor of 36 and p.
12
Let y(i) = -52*i + 459. Let j be y(0). What is the highest common factor of j and 17?
17
Let h = -5 + 11. Suppose 0*l - 3*m - 6 = 5*l, 3*l = 3*m + h. Suppose -4*g + 2*v - 5*v = -170, l = g + 4*v - 36. Calculate the greatest common factor of 4 and g.
4
Let q = 575 + -490. Calculate the greatest common divisor of q and 17.
17
Let o = -52 - -86. Suppose 7*d - 4*d - 510 = 0. Calculate the greatest common factor of o and d.
34
Let d(w) = -14*w + 24. Let c be d(-15). Let m = 442 - c. What is the greatest common factor of m and 16?
16
Let z(q) = -43*q - 537. Let s be z(-14). What is the highest common divisor of s and 104?
13
Suppose 18*f - 320 = 2*f. What is the greatest common factor of 60 and f?
20
Suppose m + 2*m = 48. Let x = m - 18. Let c be 12/(x/(-4) + 1). What is the greatest common divisor of 24 and c?
8
Let q = -1110 - -1210. What is the highest common factor of q and 260?
20
Let c be 68/(-18) + 10/(-45). Suppose 57*k - 39*k = 720. Let v be 330/k - 3/c. What is the highest common factor of 9 and v?
9
Suppose -424 = -23*t - 148. Let x be (5/(-3))/((-3)/108). Calculate the greatest common factor of t and x.
12
Let g be (7/((-175)/135) + 5)*-60. Calculate the highest common factor of 108 and g.
12
Suppose -3*p + 232 = -4*m, -2*m = 5*p - 6*m - 376. Let g = 78 - p. Calculate the greatest common factor of 8 and g.
2
Let l(f) = -f**3 - 3*f**2 + 2*f - 3. Let b be (-4 - (-20)/6)*6. Let r be l(b). Let c be 1 - (0/2)/1. Calculate the greatest common divisor of c and r.
1
Let y(u) = 3*u**2 + 23*u - 4. Let i be y(-10). Let s = 88 - i. What is the highest common divisor of 154 and s?
22
Let o = -18 - -48. What is the highest common factor of o and 165?
15
Let w(q) = 6*q - 52. Suppose h + 0*b = 2*b + 10, 47 = 4*h - b. Let x be w(h). What is the greatest common factor of x and 5?
5
Suppose 5*m - 110 = -5*s, -58*s + 53*s + 2*m = -145. What is the highest common factor of s and 333?
9
Suppose -4*z + 2480 = 2*y + 3*y, 4*y - 1980 = -4*z. What is the highest common divisor of 12 and y?
4
Let p be 4 + -1 + (1 - -1). Let o = -4 + 7. Suppose -p*h + o*w + 141 = 0, -3*h - 2*h - 2*w = -131. What is the highest common divisor of h and 18?
9
Suppose 4*l = 2 + 6, -j - 5*l = -20. Suppose -17*g + 19*g - 372 = 0. Let y = 296 - g. What is the greatest common factor of j and y?
10
Suppose 14*d - 1013 + 761 = 0. What is the greatest common factor of d and 288?
18
Let b(j) = 36*j**2 - 2*j - 2. Suppose 0 = -5*c + 3*a + 4, 4*c + 13 = -5*a + 2*a. Let l be b(c). What is the greatest common divisor of l and 24?
12
Let o = -53 - -56. Let z be (2 - 16/o)*(-39)/26. Calculate the greatest common divisor of z and 5.
5
Let t be (1 - -3)/(-1) - -6. Suppose -5*b = -t*i + 186, i = 5*i - 3*b - 386. Calculate the highest common factor of 14 and i.
14
Let h = -2179 + 2671. Calculate the highest common divisor of h and 24.
12
Let d = -764 + 788. Calculate the greatest common divisor of 1176 and d.
24
Suppose l - 1 = -5*q, 0 = 5*q - l - l + 2. Let h be 6/(-21) - 16/(-7). Suppose -h = u, f + 3*u - 19 - 13 = q. Calculate the highest common factor of 57 and f.
19
Let l(j) = -j**2 - 7*j - 1. Let g be l(-5). Let q be -6 - (6 - 741/13). Calculate the highest common divisor of q and g.
9
Let h = 133 + -107. Calculate the greatest common divisor of h and 39.
13
Suppose -2*q - 27 = -5*q. Let a(l) = -l**3 + 2*l**2 + 6*l - 5. Let f be a(3). Suppose f*n - 7 = 5. What is the highest common divisor of q and n?
3
Let l be (25/(-3))/(15/(-36)). Let o(w) = -w**3 + 5*w**2 + 8*w - 7. Let a be o(6). What is the highest common factor of l and a?
5
Let z = 47 + -46. Let i be -2 - 0 - (2/z - 5). Calculate the greatest common divisor of 7 and i.
1
Let d(v) = 8*v + 46. Let z be d(-3). Let j be (4 - 1)/(3/154). What is the greatest common factor of j and z?
22
Suppose 5*a + 1 = 6*a, -5*a - 50 = -d. Calculate the highest common divisor of d and 10.
5
Let d = -11 + 23. Let l(q) = 5*q - 14. Let h = 20 + -10. Let a be l(h). Calculate the highest common factor of d and a.
12
Let w(z) = -2*z**2 + 61*z - 134. Let v be w(20). What is the greatest common factor of 78 and v?
26
Let z(j) = 19*j + 228. Let b be z(33). What is the highest common divisor of b and 45?
45
Let k(p) = 14*p - 2. Suppose 2*z + 64 = 6*z. Suppose -2*a - 13 = 5*r, z = a + 3*a - 4*r. Let u be k(a). What is the highest common divisor of u and 8?
4
Let w be 1 - 7/((-2